{"id":816,"date":"2018-12-04T20:24:47","date_gmt":"2018-12-04T19:24:47","guid":{"rendered":"http:\/\/n-e-joga.org\/portal\/?page_id=816"},"modified":"2018-12-04T20:44:34","modified_gmt":"2018-12-04T19:44:34","slug":"podrecznik-radiestezji","status":"publish","type":"page","link":"https:\/\/n-e-joga.org\/portal\/podrecznik-radiestezji\/","title":{"rendered":"Podr\u0119cznik radiestezji"},"content":{"rendered":"<p>&nbsp;<\/p>\n<table style=\"border-collapse: collapse; width: 100%;\" border=\"1\">\n<tbody>\n<tr>\n<td style=\"width: 50%;\"><div class=\"eds-animate edsanimate-sis-hidden \" data-eds-entry-animation=\"bounceInLeft\" data-eds-entry-delay=\"1\" data-eds-entry-duration=\"1\" data-eds-entry-timing=\"linear\" data-eds-exit-animation=\"\" data-eds-exit-delay=\"\" data-eds-exit-duration=\"\" data-eds-exit-timing=\"\" data-eds-repeat-count=\"1\" data-eds-keep=\"yes\" data-eds-animate-on=\"load\" data-eds-scroll-offset=\"\"><img loading=\"lazy\" decoding=\"async\" class=\"aligncenter size-medium wp-image-819\" src=\"http:\/\/n-e-joga.org\/portal\/wp-content\/uploads\/2018\/12\/radiestezja_okladka-212x300.jpg\" alt=\"\" width=\"212\" height=\"300\" srcset=\"https:\/\/n-e-joga.org\/portal\/wp-content\/uploads\/2018\/12\/radiestezja_okladka-212x300.jpg 212w, https:\/\/n-e-joga.org\/portal\/wp-content\/uploads\/2018\/12\/radiestezja_okladka-85x120.jpg 85w, https:\/\/n-e-joga.org\/portal\/wp-content\/uploads\/2018\/12\/radiestezja_okladka.jpg 636w\" sizes=\"auto, (max-width: 212px) 100vw, 212px\" \/><\/div><\/td>\n<td style=\"width: 50%;\">\n<p style=\"text-align: left;\">Marek Marciniak<\/p>\n<p style=\"text-align: left;\">&#8222;Radiestezja &#8211; podr\u0119cznik praktyczny&#8221;<\/p>\n<p style=\"text-align: left;\">FORMAT : PDF<\/p>\n<p style=\"text-align: left;\">LICZBA STRON : 66<\/p>\n<p style=\"text-align: left;\">Zam\u00f3wienia prosimy kierowa\u0107 bezpo\u015brednio na mail autora : nej.marekm@pro.onet.pl<\/p>\n<\/td>\n<\/tr>\n<\/tbody>\n<\/table>\n<p>&nbsp;<\/p>\n<p align=\"justify\"><span style=\"font-size: small;\">Niniejsza broszurka s\u0142u\u017cy jako materia\u0142 pomoc\u00adniczy dla wszystkich os\u00f3b, kt\u00f3re chc\u0105 zg\u0142\u0119bi\u0107 wiedz\u0119 na temat radiestezji i s\u0105 zainteresowane tym od\u00adcinkiem nauk ezoterycznych. Pocz\u0105tkowo sporz\u0105dzi\u00ad\u0142em ten tekst dla moich uczni\u00f3w Nowej Europej\u00adskiej Jogi, jednak\u017ce postanowi\u0142em udost\u0119pni\u0107 go szer\u00adszemu gronu odbiorc\u00f3w. Podtytu\u0142 broszurki brzmi \u201epodr\u0119cznik praktyczny\u201d, gdy\u017c obja\u015bnienia s\u0105 kr\u00f3t\u00adkie i jednoznaczne, bez zb\u0119dnych informacji.<\/span><\/p>\n<p>&nbsp;<\/p>\n","protected":false},"excerpt":{"rendered":"<p>&nbsp; Marek Marciniak &#8222;Radiestezja &#8211; podr\u0119cznik praktyczny&#8221; FORMAT : PDF LICZBA STRON : 66 Zam\u00f3wienia prosimy kierowa\u0107 bezpo\u015brednio na mail autora : nej.marekm@pro.onet.pl &nbsp; Niniejsza broszurka s\u0142u\u017cy jako materia\u0142 pomoc\u00adniczy dla wszystkich os\u00f3b, kt\u00f3re chc\u0105 zg\u0142\u0119bi\u0107 wiedz\u0119 na temat radiestezji i s\u0105 zainteresowane tym od\u00adcinkiem nauk ezoterycznych. Pocz\u0105tkowo sporz\u0105dzi\u00ad\u0142em ten tekst dla moich uczni\u00f3w Nowej [&hellip;]<\/p>\n","protected":false},"author":1,"featured_media":0,"parent":0,"menu_order":2,"comment_status":"closed","ping_status":"closed","template":"","meta":{"_lmt_disableupdate":"","_lmt_disable":"","footnotes":""},"class_list":["post-816","page","type-page","status-publish","hentry"],"_links":{"self":[{"href":"https:\/\/n-e-joga.org\/portal\/wp-json\/wp\/v2\/pages\/816","targetHints":{"allow":["GET"]}}],"collection":[{"href":"https:\/\/n-e-joga.org\/portal\/wp-json\/wp\/v2\/pages"}],"about":[{"href":"https:\/\/n-e-joga.org\/portal\/wp-json\/wp\/v2\/types\/page"}],"author":[{"embeddable":true,"href":"https:\/\/n-e-joga.org\/portal\/wp-json\/wp\/v2\/users\/1"}],"replies":[{"embeddable":true,"href":"https:\/\/n-e-joga.org\/portal\/wp-json\/wp\/v2\/comments?post=816"}],"version-history":[{"count":14,"href":"https:\/\/n-e-joga.org\/portal\/wp-json\/wp\/v2\/pages\/816\/revisions"}],"predecessor-version":[{"id":896,"href":"https:\/\/n-e-joga.org\/portal\/wp-json\/wp\/v2\/pages\/816\/revisions\/896"}],"wp:attachment":[{"href":"https:\/\/n-e-joga.org\/portal\/wp-json\/wp\/v2\/media?parent=816"}],"curies":[{"name":"wp","href":"https:\/\/api.w.org\/{rel}","templated":true}]}}