{"id":337,"date":"2016-02-01T22:57:31","date_gmt":"2016-02-01T22:57:31","guid":{"rendered":"http:\/\/n-e-joga.org\/portal\/?page_id=337"},"modified":"2016-02-08T12:09:55","modified_gmt":"2016-02-08T11:09:55","slug":"multimedia","status":"publish","type":"page","link":"https:\/\/n-e-joga.org\/portal\/multimedia\/","title":{"rendered":"Multimedia"},"content":{"rendered":"<p>&nbsp;<\/p>\n<table border=\"0\" width=\"100%\" cellspacing=\"0\" cellpadding=\"0\">\n<tbody>\n<tr>\n<td style=\"width: 40px; vertical-align: top;\"><img loading=\"lazy\" decoding=\"async\" class=\"aligncenter size-thumbnail wp-image-341\" src=\"http:\/\/n-e-joga.org\/portal\/wp-content\/uploads\/2016\/02\/MP3_icon-1.png\" alt=\"MP3_icon\" width=\"30\" height=\"30\" \/><\/td>\n<td style=\"text-align: justify;\">Stara (nieaktualny adres) reklama Nowej Europejskiej Jogi w Radiu Kolor<\/p>\n<p><!--[if lt IE 9]><script>document.createElement('audio');<\/script><![endif]-->\n<audio class=\"wp-audio-shortcode\" id=\"audio-337-1\" preload=\"none\" style=\"width: 100%;\" controls=\"controls\"><source type=\"audio\/mpeg\" src=\"http:\/\/n-e-joga.org\/portal\/wp-content\/uploads\/2016\/02\/reklama_nej.mp3?_=1\" \/><a href=\"http:\/\/n-e-joga.org\/portal\/wp-content\/uploads\/2016\/02\/reklama_nej.mp3\">http:\/\/n-e-joga.org\/portal\/wp-content\/uploads\/2016\/02\/reklama_nej.mp3<\/a><\/audio><\/td>\n<\/tr>\n<tr>\n<td style=\"width: 40px; text-align: center;\" colspan=\"2\"><\/td>\n<\/tr>\n<tr>\n<td style=\"width: 40px; vertical-align: top;\"><img loading=\"lazy\" decoding=\"async\" class=\"aligncenter size-thumbnail wp-image-345\" src=\"http:\/\/n-e-joga.org\/portal\/wp-content\/uploads\/2016\/02\/movie_szary-1.png\" alt=\"movie_szary\" width=\"30\" height=\"30\" \/><\/td>\n<td style=\"text-align: justify;\">Program w telewizji PULS &#8222;\u017bycie po \u017cyciu&#8221; w kt\u00f3rym Marek Marciniak opowiada i t\u0142umaczy o Tamtej stronie (26.11.2004)<\/p>\n<p><iframe loading=\"lazy\" src=\"\/\/www.dailymotion.com\/embed\/video\/x3qaz56\" width=\"480\" height=\"270\" frameborder=\"0\" allowfullscreen=\"allowfullscreen\"><\/iframe><br \/>\n<a href=\"http:\/\/www.dailymotion.com\/video\/x3qaz56_zycie-po-zyciu_lifestyle\" target=\"_blank\">\u017bycie po \u017cyciu<\/a> <i> przez <a href=\"http:\/\/www.dailymotion.com\/nejoga\" target=\"_blank\">nejoga<\/a><\/i><\/td>\n<\/tr>\n<tr>\n<td style=\"width: 40px; text-align: center;\" colspan=\"2\"><\/td>\n<\/tr>\n<tr>\n<td style=\"width: 40px; vertical-align: top;\"><img loading=\"lazy\" decoding=\"async\" class=\"aligncenter size-thumbnail wp-image-341\" src=\"http:\/\/n-e-joga.org\/portal\/wp-content\/uploads\/2016\/02\/MP3_icon-1.png\" alt=\"MP3_icon\" width=\"30\" height=\"30\" \/><\/td>\n<td>\n<p style=\"text-align: justify;\">Nautilus Radia Zet \/ Archiwum Roberta Bernatowicza w TOK FM &#8211; odcinek o tym jak wygra\u0107 w Totolotka. Marek Marciniak odpowie na pytanie czy jasnowidz mo\u017ce przewidzie\u0107 liczby w losowaniu.<\/p>\n<p>&nbsp;<\/p>\n<p><audio class=\"wp-audio-shortcode\" id=\"audio-337-2\" preload=\"none\" style=\"width: 100%;\" controls=\"controls\"><source type=\"audio\/mpeg\" src=\"http:\/\/n-e-joga.org\/portal\/wp-content\/uploads\/2016\/02\/Jak-wygra\u0107-w-Totolotka.mp3?_=2\" \/><a href=\"http:\/\/n-e-joga.org\/portal\/wp-content\/uploads\/2016\/02\/Jak-wygra\u0107-w-Totolotka.mp3\">http:\/\/n-e-joga.org\/portal\/wp-content\/uploads\/2016\/02\/Jak-wygra\u0107-w-Totolotka.mp3<\/a><\/audio><\/td>\n<\/tr>\n<tr>\n<td style=\"width: 40px; text-align: center;\" colspan=\"2\"><\/td>\n<\/tr>\n<tr>\n<td style=\"width: 40px; vertical-align: top;\"><img loading=\"lazy\" decoding=\"async\" class=\"aligncenter size-thumbnail wp-image-345\" src=\"http:\/\/n-e-joga.org\/portal\/wp-content\/uploads\/2016\/02\/movie_szary-1.png\" alt=\"movie_szary\" width=\"30\" height=\"30\" \/><\/td>\n<td style=\"text-align: justify;\">Program TV 4 Odety Moro-Figurskiej &#8222;Ja tylko pytam&#8221; o reinkarnacji. (28.04.2005)<\/p>\n<p><iframe loading=\"lazy\" src=\"\/\/www.dailymotion.com\/embed\/video\/x3qb3k4\" width=\"480\" height=\"270\" frameborder=\"0\" allowfullscreen=\"allowfullscreen\"><\/iframe><br \/>\n<a href=\"http:\/\/www.dailymotion.com\/video\/x3qb3k4_ja-tylko-pytam-marek-marciniak-o-reinkarnacji_lifestyle\" target=\"_blank\">&#8222;Ja tylko pytam&#8221; &#8211; Marek Marciniak o reinkarnacji<\/a> <i> przez <a href=\"http:\/\/www.dailymotion.com\/nejoga\" target=\"_blank\">nejoga<\/a><\/i><\/td>\n<\/tr>\n<\/tbody>\n<\/table>\n","protected":false},"excerpt":{"rendered":"<p>&nbsp; Stara (nieaktualny adres) reklama Nowej Europejskiej Jogi w Radiu Kolor Program w telewizji PULS &#8222;\u017bycie po \u017cyciu&#8221; w kt\u00f3rym Marek Marciniak opowiada i t\u0142umaczy o Tamtej stronie (26.11.2004) \u017bycie po \u017cyciu przez nejoga Nautilus Radia Zet \/ Archiwum Roberta Bernatowicza w TOK FM &#8211; odcinek o tym jak wygra\u0107 w Totolotka. Marek Marciniak odpowie [&hellip;]<\/p>\n","protected":false},"author":1,"featured_media":0,"parent":0,"menu_order":220,"comment_status":"closed","ping_status":"closed","template":"","meta":{"_lmt_disableupdate":"","_lmt_disable":"","footnotes":""},"class_list":["post-337","page","type-page","status-publish","hentry"],"_links":{"self":[{"href":"https:\/\/n-e-joga.org\/portal\/wp-json\/wp\/v2\/pages\/337","targetHints":{"allow":["GET"]}}],"collection":[{"href":"https:\/\/n-e-joga.org\/portal\/wp-json\/wp\/v2\/pages"}],"about":[{"href":"https:\/\/n-e-joga.org\/portal\/wp-json\/wp\/v2\/types\/page"}],"author":[{"embeddable":true,"href":"https:\/\/n-e-joga.org\/portal\/wp-json\/wp\/v2\/users\/1"}],"replies":[{"embeddable":true,"href":"https:\/\/n-e-joga.org\/portal\/wp-json\/wp\/v2\/comments?post=337"}],"version-history":[{"count":44,"href":"https:\/\/n-e-joga.org\/portal\/wp-json\/wp\/v2\/pages\/337\/revisions"}],"predecessor-version":[{"id":541,"href":"https:\/\/n-e-joga.org\/portal\/wp-json\/wp\/v2\/pages\/337\/revisions\/541"}],"wp:attachment":[{"href":"https:\/\/n-e-joga.org\/portal\/wp-json\/wp\/v2\/media?parent=337"}],"curies":[{"name":"wp","href":"https:\/\/api.w.org\/{rel}","templated":true}]}}